**2. Is i(2) a composite number?
False
Is (289596/(-24))/(3/(-6)) a prime number?
True
Suppose -w - 5*o = -1342 - 1435, 3*w + 2*o - 8331 = 0. Is w composite?
False
Let r(g) = 9*g**2 - 66*g - 103. Is r(30) a prime number?
False
Suppose 0 = 3*w - w - 4. Let t = 292 + 46. Is t + w + 0 - 3 prime?
True
Let x(o) = -o + 14. Let s be x(10). Suppose -2*g = 4*v + 4549 - 14015, s*v + 3*g - 9469 = 0. Suppose -3*f + v = 244. Is f composite?
True
Is ((-46192)/(-28) - 1) + (-2)/(-7) a composite number?
True
Let k(t) = -223*t**2 + 13*t + 7. Let h(j) = 112*j**2 - 6*j - 3. Let i(s) = 9*h(s) + 4*k(s). Is i(1) prime?
False
Let l(v) = 1123*v**2 - 8*v - 167. Is l(-12) composite?
False
Let h = 8 + -8. Let y(v) = 6 + 4 - 2*v - 4 + h*v + v**3. Is y(5) composite?
True
Suppose -2*t + i = -2026, 5*t = -2*i - i + 5087. Suppose 0 = c - 6*c + t. Is c a prime number?
False
Suppose 0 = 16*t + t - 307921. Is t a prime number?
False
Let x be (28/(-8) + 1)/(2/(-4)). Suppose 3*f - 9*p + 5*p - 17923 = 0, x*p = -4*f + 23856. Is f prime?
False
Let r be (-2 - -4)*(-10)/(-4). Let z(o) = 3*o**2 + o + 1. Let j be z(-1). Suppose -r*c + 74 = -j*c. Is c a prime number?
True
Suppose -5*h = 137 - 912. Suppose -u + 36 = -h. Suppose -2*b + u = -b. Is b prime?
True
Suppose -p - 4 + 7 = 0. Let s(k) = 26*k**2 + 7*k - 8. Is s(p) a prime number?
False
Suppose u - 5*u - 16 = 0. Let g(s) = 25*s + 7. Let o(m) = 26*m + 6. Let w(d) = 5*g(d) - 6*o(d). Is w(u) composite?
True
Suppose 0*g - 3*g - 24 = 0. Let c(h) = -3*h**2 + 5*h + 9. Let f be c(g). Is (-1 - 0 - 0)*f composite?
False
Let j(c) = 8*c**2 + 2*c - 33. Is j(31) prime?
True
Suppose -10*d + 13016 + 30064 = 0. Let u = -1375 + d. Is u a prime number?
False
Let p(d) = d**3 - d**2 - 4*d - 3. Let v be p(0). Let j(q) = -324*q - 14. Is j(v) prime?
False
Suppose 38 = a + 35. Let q be 3*(0 + (-4)/(-6)). Suppose q*b - l = 47, 21 = b + 5*l + a. Is b prime?
True
Let x = -318 - -429. Is x prime?
False
Let m be 0/((-2)/3*15/10). Let z = 7 - 4. Suppose m = 4*i - 3*i + 3, -4189 = -2*s - z*i. Is s composite?
False
Let b = 224 - 76. Let u be -2 - ((0 - -6) + -9). Is b + u/(-2 + 3) prime?
True
Suppose 3*b = -2*u + 10334, -24*u - 3*b + 20680 = -20*u. Is u a composite number?
True
Suppose -46*o = -72*o + 834964. Is o a composite number?
True
Suppose 0 = 3*t + 5*u + 83 - 13, 36 = -2*t + 2*u. Is (10/t)/(1/(-1074)) a composite number?
True
Is 1034790/51 - (-18)/(-2) a prime number?
False
Suppose -d + 0*d - 3*t = -8, -4*d + 6 = -t. Suppose -4 = -0*y + 4*y, 2205 = d*a + y. Suppose -m = -5*l - 3*m + a, m + 872 = 4*l. Is l composite?
True
Let k = 479 - 25. Is k prime?
False
Suppose 4*t = -2*x + 76, -3*t - 7 = -2*x + 41. Let y be -5*(x/(-25))/(-3). Is (-2)/(y/3) - -902 prime?
False
Suppose -249 = -2*g + 285. Let q = -38 + 41. Suppose 6*o = q*o + g. Is o a composite number?
False
Let z = 18466 - 4251. Is z prime?
False
Let g be (7 + -3)/(-4) - -4. Suppose a - 8 = -g*o, 4*a - 3*a = o. Suppose 5*z = a*n + 312 + 501, 3*n = z - 173. Is z a composite number?
True
Let l = -13 - -11. Let t(d) = 116*d**2 + 8*d - 16. Let s(x) = 29*x**2 + 2*x - 4. Let i(g) = l*t(g) + 9*s(g). Is i(-3) a composite number?
False
Let s(a) = a**3 + 9*a**2 - 3*a - 1. Let q(x) = 2*x**3 + 9*x**2 - 2*x - 1. Let m(z) = -2*q(z) + 3*s(z). Let d = -9 - -15. Is m(d) a composite number?
True
Let q be (-4 - 11)*(1 - 2). Let r = q + -11. Suppose -z + 4*l = -0*z - 259, -r*l = 3*z - 745. Is z prime?
True
Let y(s) = 103*s + 37. Let p be y(6). Suppose 3*i - w - 2055 = 0, 0 = 3*i + 3*w + p - 2710. Is i prime?
False
Suppose -4*b + 4*x = 4, -2*x + 11 = -4*b - 5*x. Let c be (-44)/33*(-50913)/b. Is c/(-22) + 10/55 prime?
True
Suppose u = -o + 140 + 1356, -5*o + 7510 = -5*u. Is o a prime number?
True
Let n(k) = 3*k**2 + 3*k + 24. Let t be n(12). Let h = t + -335. Is h a prime number?
True
Suppose -49*j - 504 = -53*j. Is 51570/j - 2/7 prime?
True
Suppose -5*d = -9074 - 23921. Is d a composite number?
False
Suppose 4650 = 2*z + 4*u, -u - 2514 - 2156 = -2*z. Is z composite?
False
Suppose -4*z - 4*g = -40, 0*g = -5*g + 15. Let i be z/((-14)/52) + -3. Let o = i - -87. Is o a prime number?
False
Let z = 36 + -33. Is 751/z - (-14)/21 prime?
True
Suppose -21 = -q - 1. Suppose 4*v + 5*a = -v - q, 4*v + 4 = -a. Suppose -5*w = 5*n - 25, v = -n - 3*w - 2 + 13. Is n a prime number?
True
Suppose -2123 = -6*h + 2599. Is h a composite number?
False
Suppose -6*q - 3*i = -8*q + 767, -3*q - 3*i + 1128 = 0. Is q a prime number?
True
Let r(k) be the third derivative of 32*k**6/15 + k**5/60 - k**4/24 + k**3/6 + 14*k**2. Is r(1) a prime number?
True
Let l(b) = -2*b - 15. Let m be l(-9). Suppose -5*j = s - 1289, 6405 = 2*s + m*s + 5*j. Is s composite?
False
Suppose -9*b = -5*b. Suppose b = -4*h + 3*h + 828. Suppose -7*g + 3*g = 3*o - 826, 4*g + 4*o = h. Is g composite?
True
Let t(q) be the first derivative of -q**3/3 + 15*q**2/2 + q + 13. Is t(6) a prime number?
False
Let k be 4 - (0/(-1) + 1). Suppose -k*u - x + 3*x + 540 = 0, -x + 353 = 2*u. Suppose -q - q = -u. Is q a composite number?
False
Let r = -86965 - -123152. Is r a prime number?
True
Let q be 30*2/(8/22). Is (q/(-10))/((-6)/8) a composite number?
True
Suppose 105*u + 200 = 109*u. Let g = u - 39. Is g a composite number?
False
Suppose 4*r = -0*r - 16. Is ((-116)/2)/(r/62) composite?
True
Suppose 0 = 3*g - 80469 + 27762. Is g prime?
True
Suppose -17 + 46 = 4*i - s, -33 = -3*i - 3*s. Suppose -2*o = b - 8, 0*o - i = -b + 2*o. Let p(n) = 121*n + 17. Is p(b) a prime number?
False
Let r = -50 - -54. Suppose -5*m + 5*s + 166 = 16, 3*m - r*s - 85 = 0. Is m composite?
True
Let f(z) = -z + 8. Let g be f(6). Suppose 2*t + 224 = 5*n, -6*t + g*t = 2*n + 496. Let k = t + 179. Is k a prime number?
False
Let p(u) = 18*u**2 + u + 31. Let n = -7 + 1. Is p(n) composite?
False
Let d(c) = 18 - c**2 + 8*c + 6*c + 3*c. Let q be d(18). Suppose q = 3*i - 657 + 123. Is i prime?
False
Suppose -t = -4*c + 38, 5*c - 2*t = 2*t + 42. Let u(f) = 44*f + 18. Is u(c) composite?
True
Is 1130142/16 + -3 + 100/32 a prime number?
False
Let m(a) = 550*a + 15. Let n be m(6). Suppose -3*b - 3*o = -7*b + 13203, b + 4*o - n = 0. Suppose 5*p - 2*s - b = -516, -3*s = 4*p - 2225. Is p prime?
True
Let v(f) = 8*f**3 - 22*f**2 - 21*f - 14. Is v(11) a composite number?
False
Let r = -9 - -141. Suppose r = -4*l - 204. Let j = 229 + l. Is j a composite number?
True
Let k = 7983 + -3656. Is k a composite number?
False
Let u(d) = 174*d**2 + 6*d - 17. Is u(11) a composite number?
True
Let g be (-13 + 8)*4/10 - -1143. Suppose -3*m + 2*h = -2*m - g, 3*m = 4*h + 3433. Is m composite?
False
Let z = 6276 + -3957. Is z a composite number?
True
Let z(l) = 1807*l**2 + 15*l - 59. Is z(4) a composite number?
True
Let k = -1271 + 2050. Is k a composite number?
True
Let k(w) = 2057*w + 223. Is k(8) composite?
True
Suppose -4*c + 0*c = -z - 2346, -5*c = -z - 2933. Is c a composite number?
False
Suppose j - 2 = -7, 0 = 4*s - j - 2101. Suppose -69 + s = 5*l. Is l a prime number?
False
Let o = -1 + -4. Let i(z) = 53*z - 12. Let j(b) = -b + 1. Let t(u) = -i(u) - 3*j(u). Is t(o) composite?
True
Let r(o) = 2373*o**2 + 15*o + 35. Is r(5) a prime number?
False
Let k be (4/2 + -2)/2. Suppose 0*t - 4*t - 48 = k. Is 4*(-3)/t*679 a prime number?
False
Let b(q) = q**3 - 6*q**2 + 2*q + 11. Let m be b(5). Is (2 + -2335)/((6 - 3) + m) composite?
False
Suppose -4*s + 2*s + 1575 = -3*t, 5*s = 2*t + 3943. Let o = s + -312. Let v = o + -100. Is v a composite number?
True
Let j(p) be the second derivative of -7*p**5/20 - 3*p**4/4 - p**3/3 + p**2/2 + 2*p. Let a = -17 + 11. Is j(a) prime?
True
Let g(o) = 19*o + 27. Suppose 0 = 3*m + s + 2*s - 36, 22 = 2*m + s. Is g(m) a prime number?
False
Let m = 1 - -1. Suppose m*t + 26 = 4*w - 0, -w + 24 = -4*t. Suppose -2*o + w*j = -3*o + 17, 0 = 5*o - 2*j - 195. Is o prime?
True
Let m = 22169 - 15390. Is m composite?
False
Let i(q) = -6246*q**3 + 2*q**2 + 6*q + 5. Is i(-1) a composite number?
False
Suppose 4*a - 4*b + 125667 - 366499 = 0, 5*a = -3*b + 301016. Is a composite?
True
Let a(j) = 3*j + 8. Let x be a(-2). Suppose x*l - 342 - 62 = 0. Is l a composite number?
True
Let s(k) = -k**2 - 4 - 2 - 21*k + 5*k. Suppose -4*i - y = 33, -3*i - 4*y - 15 - 26 = 0. Is s(i) a composite number?
True
Is -1 + 6 - (-528)/8 prime?
True
Let l(b) = 2475*b